{"id":3,"date":"2021-10-11T23:21:07","date_gmt":"2021-10-11T21:21:07","guid":{"rendered":"https:\/\/larigenerasrl.it\/new\/?page_id=3"},"modified":"2021-10-21T19:12:24","modified_gmt":"2021-10-21T17:12:24","slug":"privacy","status":"publish","type":"page","link":"https:\/\/larigenerasrl.it\/new\/privacy\/","title":{"rendered":"Privacy policy"},"content":{"rendered":"\n<p><strong>La Rigenera S.r.l<\/strong>, con sede in Contrada Santa Maria Poggiarelli, Lotto B12 \u2013 95041&nbsp;Caltagirone P. IVA 03930140870 (di seguito, \u201c<strong>Titolare<\/strong>\u201d), proprietario del sito internet&nbsp;&nbsp;<a href=\"https:\/\/larigenerasrl.it\/\">https:\/\/larigenerasrl.it\/<\/a>&nbsp;&nbsp;(di seguito, il \u201c<strong>Sito<\/strong>\u201d), in qualit\u00e0 di&nbsp;<strong>titolare del trattamento dei dati personali<\/strong>&nbsp;degli utenti del Sito (di seguito, gli \u201c<strong>Utenti<\/strong>\u201d) fornisce qui di seguito l\u2019informativa privacy ai sensi dell\u2019art. 13 del Regolamento UE 2016\/679 del 27 aprile 2016 (di seguito, \u201c<strong>Regolamento<\/strong>\u201d o \u201c<strong>Normativa Applicabile<\/strong>\u201d).<\/p>\n\n\n\n<p>Questo Sito e i servizi eventualmente offerti tramite il Sito sono riservati a soggetti che hanno compiuto il diciottesimo anno di et\u00e0. Il Titolare non raccoglie quindi dati personali relativi ai soggetti minori di anni 18. Su richiesta degli Utenti, il Titolare canceller\u00e0 tempestivamente tutti i dati personali involontariamente raccolti e relativi a soggetti minori di anni 18.<\/p>\n\n\n\n<p>Il Titolare tiene nella massima considerazione il diritto alla privacy ed alla protezione dei dati personali dei propri Utenti. Per ogni informazione in relazione alla presente informativa privacy, gli Utenti possono contattare il Titolare in qualsiasi momento, utilizzando le seguenti modalit\u00e0:<br>\u2013 Inviando un messaggio di posta elettronica all\u2019indirizzo&nbsp;&nbsp;<a href=\"mailto:larigenerasrl@libero.it\">larigenerasrl@libero.it<\/a><\/p>\n\n\n\n<p>Il Titolare non ha individuato la figura del Responsabile della protezione dei dati (RPD o DPO), in quanto non \u00e8 soggetto all\u2019obbligo di designazione previsto dall\u2019art. 37 del Regolamento.<\/p>\n\n\n\n<p><\/p>\n\n\n\n<h2 class=\"wp-block-heading\">1. FINALIT\u00c0 DEL TRATTAMENTO<\/h2>\n\n\n\n<p>I dati personali degli Utenti saranno trattati lecitamente dal Titolare ai sensi dell\u2019art. 6 del Regolamento per le seguenti finalit\u00e0 di trattamento:<\/p>\n\n\n\n<p>a)&nbsp;<strong>Evadere la richiesta dell\u2019Utente<\/strong>: i dati personali degli Utenti sono raccolti e trattati dal Titolare al solo fine di evadere la richiesta di questi ultimi di ricevere comunicazioni promozionali (ricezione di materiale pubblicitario, vendita diretta, comunicazione commerciale, ricezione di newsletter contenente informazioni in relazione a notizie rilevanti per il settore relativo alle attivit\u00e0 del Sito) ovvero di essere contattati dal Titolare tramite posta elettronica per proporre all\u2019Utente l\u2019acquisto di prodotti e\/o servizi offerti dallo stesso Titolare e\/o da imprese terze, presentare offerte, promozioni ed opportunit\u00e0 commerciali. I dati dell\u2019utente raccolti dal Titolare a tal fine includono: l\u2019indirizzo email. Fermo restando quanto previsto altrove in questa informativa privacy, in nessun caso il Titolare render\u00e0 accessibili agli altri Utenti e\/o a terzi i dati personali degli Utenti.<\/p>\n\n\n\n<p>b)&nbsp;<strong>finalit\u00e0 amministrativo-contabili<\/strong>, ovvero per svolgere attivit\u00e0 di natura organizzativa, amministrativa, finanziaria e contabile, quali attivit\u00e0 organizzative interne ed attivit\u00e0 funzionali all\u2019adempimento di obblighi contrattuali e precontrattuali;<\/p>\n\n\n\n<p>c)&nbsp;<strong>obblighi di legge<\/strong>, ovvero per adempiere ad obblighi previsti dalla legge, da un\u2019autorit\u00e0, da un regolamento o dalla normativa europea.<br>I dati personali che sono necessari per il perseguimento delle finalit\u00e0 di trattamento descritte al presente paragrafo 1 sono indicati con un asterisco all\u2019interno del modulo presente sul Sito.<\/p>\n\n\n\n<p>Il conferimento dei dati personali per le finalit\u00e0 di trattamento sopra indicate \u00e8 facoltativo ma necessario, poich\u00e9 il mancato conferimento degli stessi comporter\u00e0 l\u2019impossibilit\u00e0 per l\u2019Utente di ricevere comunicazioni promozionali.<\/p>\n\n\n\n<p>In caso di consenso, l\u2019Utente potr\u00e0 in qualsiasi momento revocare lo stesso, facendone richiesta al Titolare con le modalit\u00e0 indicate al successivo paragrafo 4.<\/p>\n\n\n\n<p>L\u2019Utente potr\u00e0 inoltre opporsi facilmente ad ulteriori invii di comunicazioni promozionali via email anche cliccando sull\u2019apposito link per la revoca del consenso, che \u00e8 presente in ciascuna email promozionale.<\/p>\n\n\n\n<p>Il Titolare informa che, a seguito dell\u2019esercizio del diritto di opposizione all\u2019invio di comunicazioni promozionali via email, \u00e8 possibile che, per ragioni tecniche ed operative (es. formazione delle liste di contatto gi\u00e0 completata poco prima della ricezione da parte del Titolare della richiesta di opposizione) l\u2019Utente continui a ricevere alcuni ulteriori messaggi promozionali. Qualora l\u2019Utente dovesse continuare a ricevere messaggi promozionali dopo che siano trascorse 24 ore dall\u2019esercizio del diritto di opposizione, si prega di segnalare il problema al Titolare, utilizzando i contatti indicati al successivo paragrafo 4.<\/p>\n\n\n\n<p><\/p>\n\n\n\n<h2 class=\"wp-block-heading\">2. MODALIT\u00c0 DI TRATTAMENTO E TEMPI DI CONSERVAZIONE DEI DATI<\/h2>\n\n\n\n<p>Il Titolare tratter\u00e0 i dati personali degli Utenti mediante strumenti manuali ed informatici, con logiche strettamente correlate alle finalit\u00e0 stesse e, comunque, in modo da garantire la sicurezza e la riservatezza dei dati stessi.<\/p>\n\n\n\n<p>I dati personali degli Utenti del Sito saranno conservati per i tempi strettamente necessari ad espletare le finalit\u00e0 primarie illustrate al precedente paragrafo 1, e, in ogni caso, fino a quando l\u2019Utente ne richieda la cancellazione.<\/p>\n\n\n\n<p><\/p>\n\n\n\n<h2 class=\"wp-block-heading\">3. AMBITO DI COMUNICAZIONE E DIFFUSIONE DEI DATI<\/h2>\n\n\n\n<p>Potranno venire a conoscenza dei dati personali degli Utenti i dipendenti e\/o collaboratori del Titolare incaricati di gestire il Sito. Tali soggetti, che sono stati istruiti in tal senso dal Titolare ai sensi dell\u2019art. 29 del Regolamento, tratteranno i dati dell\u2019Utente esclusivamente per le finalit\u00e0 indicate nella presente informativa e nel rispetto delle previsioni della Normativa Applicabile.<\/p>\n\n\n\n<p>Potranno inoltre venire a conoscenza dei dati personali degli Utenti i soggetti terzi che potranno trattare dati personali per conto del Titolare in qualit\u00e0 di \u201c<strong>Responsabili Esterni del Trattamento<\/strong>\u201d, quali, a titolo esemplificativo, fornitori di servizi informatici e logistici funzionali all\u2019operativit\u00e0 del Sito, fornitori di servizi in outsourcing o cloud computing, professionisti e consulenti.<\/p>\n\n\n\n<p>Gli Utenti hanno il diritto di ottenere una lista degli eventuali responsabili del trattamento nominati dal Titolare, facendone richiesta al Titolare con le modalit\u00e0 indicate al successivo paragrafo 4.<\/p>\n\n\n\n<p><\/p>\n\n\n\n<h2 class=\"wp-block-heading\">4. DIRITTI DEGLI INTERESSATI<\/h2>\n\n\n\n<p>Gli Utenti potranno esercitare i diritti garantiti loro dalla Normativa Applicabile, contattando il Titolare con le seguenti modalit\u00e0:<br>\u2013 Inviando un messaggio di posta elettronica all\u2019indirizzo&nbsp;&nbsp;<a href=\"mailto:larigenerasrl@libero.it\">larigenerasrl@libero.it<\/a><\/p>\n\n\n\n<p>Ai sensi della Normativa Applicabile, il Titolare informa che gli Utenti hanno il diritto di ottenere l\u2019indicazione (i) dell\u2019origine dei dati personali; (ii) delle finalit\u00e0 e modalit\u00e0 del trattamento; (iii) della logica applicata in caso di trattamento effettuato con l\u2019ausilio di strumenti elettronici; (iv) degli estremi identificativi del titolare e dei responsabili; (v) dei soggetti o delle categorie di soggetti ai quali i dati personali possono essere comunicati o che possono venirne a conoscenza in qualit\u00e0 di responsabili o incaricati.<\/p>\n\n\n\n<p>Inoltre, gli Utenti hanno il diritto di ottenere:<br>a) l\u2019<strong>accesso<\/strong>, l\u2019<strong>aggiornamento<\/strong>, la&nbsp;<strong>rettificazione<\/strong>&nbsp;ovvero, quando vi hanno interesse, l\u2019<strong>integrazione<\/strong>&nbsp;dei dati;<br>b) la&nbsp;<strong>cancellazione<\/strong>, la&nbsp;<strong>trasformazione in forma anonima<\/strong>&nbsp;o il&nbsp;<strong>blocco<\/strong>&nbsp;dei dati trattati in violazione di legge, compresi quelli di cui non \u00e8 necessaria la conservazione in relazione agli scopi per i quali i dati sono stati raccolti o successivamente trattati;<br>c) l\u2019attestazione che le operazioni di cui alle lettere a) e b) sono state portate a conoscenza, anche per quanto riguarda il loro contenuto, di coloro ai quali i dati sono stati comunicati o diffusi, eccettuato il caso in cui tale adempimento si rivela impossibile o comporta un impiego di mezzi manifestamente sproporzionato rispetto al diritto tutelato.<\/p>\n\n\n\n<p>Inoltre, gli Utenti hanno:<br>a) il diritto di&nbsp;<strong>revocare il consenso<\/strong>&nbsp;in qualsiasi momento, qualora il trattamento si basi sul loro consenso;<br>b) il diritto alla&nbsp;<strong>portabilit\u00e0 dei dati<\/strong>&nbsp;(diritto di ricevere tutti i dati personali che li riguardano in un formato strutturato, di uso comune e leggibile da dispositivo automatico), il diritto alla&nbsp;<strong>limitazione del trattamento<\/strong>&nbsp;dei dati personali e il&nbsp;<strong>diritto alla cancellazione<\/strong>&nbsp;(\u201cdiritto all\u2019oblio\u201d);<br>c) il&nbsp;<strong>diritto di opporsi<\/strong>:<br>i) in tutto o in parte, per motivi legittimi al trattamento dei dati personali che li riguardano, ancorch\u00e9 pertinenti allo scopo della raccolta;<br>ii) in tutto o in parte, al trattamento di dati personali che li riguardano a fini di invio di materiale pubblicitario o di vendita diretta o per il compimento di ricerche di mercato o di comunicazione commerciale;<br>iii) qualora i dati personali siano trattati per finalit\u00e0 di marketing diretto, in qualsiasi momento, al trattamento dei loro dati effettuato per tale finalit\u00e0, compresa la profilazione nella misura in cui sia connessa a tale marketing diretto.<br>d) qualora ritenessero che il trattamento che li riguarda violi il Regolamento, il diritto di&nbsp;<strong>proporre reclamo a un\u2019Autorit\u00e0 di controllo<\/strong>&nbsp;(nello Stato membro in cui risiedono abitualmente, in quello in cui lavorano oppure in quello in cui si \u00e8 verificata la presunta violazione). L\u2019Autorit\u00e0 di controllo italiana \u00e8 il&nbsp;<strong>Garante per la protezione dei dati personali<\/strong>, con sede in Piazza di Monte Citorio n. 121, 00186 \u2013 Roma (<a href=\"http:\/\/www.garanteprivacy.it\/\">http:\/\/www.garanteprivacy.it\/<\/a>).<\/p>\n\n\n\n<p>Il Titolare non \u00e8 responsabile per l\u2019aggiornamento di tutti i link visualizzabili nella presente Informativa, pertanto ogni qualvolta un link non sia funzionante e\/o aggiornato, gli Utenti riconoscono ed accettano che dovranno sempre far riferimento al documento e\/o sezione dei siti internet richiamati da tale link.<\/p>\n","protected":false},"excerpt":{"rendered":"<p>La Rigenera S.r.l, con sede in Contrada Santa Maria Poggiarelli, Lotto B12 \u2013 95041&nbsp;Caltagirone P. IVA 03930140870 (di seguito, \u201cTitolare\u201d), proprietario del sito internet&nbsp;&nbsp;https:\/\/larigenerasrl.it\/&nbsp;&nbsp;(di seguito, il \u201cSito\u201d), in qualit\u00e0 di&nbsp;titolare del trattamento dei dati personali&nbsp;degli utenti del Sito (di seguito, gli \u201cUtenti\u201d) fornisce qui di&#8230;<\/p>\n","protected":false},"author":1,"featured_media":0,"parent":0,"menu_order":0,"comment_status":"closed","ping_status":"closed","template":"","meta":{"footnotes":""},"class_list":["post-3","page","type-page","status-publish","hentry"],"_links":{"self":[{"href":"https:\/\/larigenerasrl.it\/new\/wp-json\/wp\/v2\/pages\/3","targetHints":{"allow":["GET"]}}],"collection":[{"href":"https:\/\/larigenerasrl.it\/new\/wp-json\/wp\/v2\/pages"}],"about":[{"href":"https:\/\/larigenerasrl.it\/new\/wp-json\/wp\/v2\/types\/page"}],"author":[{"embeddable":true,"href":"https:\/\/larigenerasrl.it\/new\/wp-json\/wp\/v2\/users\/1"}],"replies":[{"embeddable":true,"href":"https:\/\/larigenerasrl.it\/new\/wp-json\/wp\/v2\/comments?post=3"}],"version-history":[{"count":4,"href":"https:\/\/larigenerasrl.it\/new\/wp-json\/wp\/v2\/pages\/3\/revisions"}],"predecessor-version":[{"id":248,"href":"https:\/\/larigenerasrl.it\/new\/wp-json\/wp\/v2\/pages\/3\/revisions\/248"}],"wp:attachment":[{"href":"https:\/\/larigenerasrl.it\/new\/wp-json\/wp\/v2\/media?parent=3"}],"curies":[{"name":"wp","href":"https:\/\/api.w.org\/{rel}","templated":true}]}}

<p><strong>La Rigenera S.r.l</strong>, con sede in Contrada Santa Maria Poggiarelli, Lotto B12 – 95041&nbsp;Caltagirone P. IVA 03930140870 (di seguito, “<strong>Titolare</strong>”), proprietario del sito internet&nbsp;&nbsp;<a href="https://larigenerasrl.it/">https://larigenerasrl.it/</a>&nbsp;&nbsp;(di seguito, il “<strong>Sito</strong>”), in qualità di&nbsp;<strong>titolare del trattamento dei dati personali</strong>&nbsp;degli utenti del Sito (di seguito, gli “<strong>Utenti</strong>”) fornisce qui di seguito l’informativa privacy ai sensi dell’art. 13 del Regolamento UE 2016/679 del 27 aprile 2016 (di seguito, “<strong>Regolamento</strong>” o “<strong>Normativa Applicabile</strong>”).</p>



<p>Questo Sito e i servizi eventualmente offerti tramite il Sito sono riservati a soggetti che hanno compiuto il diciottesimo anno di età. Il Titolare non raccoglie quindi dati personali relativi ai soggetti minori di anni 18. Su richiesta degli Utenti, il Titolare cancellerà tempestivamente tutti i dati personali involontariamente raccolti e relativi a soggetti minori di anni 18.</p>



<p>Il Titolare tiene nella massima considerazione il diritto alla privacy ed alla protezione dei dati personali dei propri Utenti. Per ogni informazione in relazione alla presente informativa privacy, gli Utenti possono contattare il Titolare in qualsiasi momento, utilizzando le seguenti modalità:<br>– Inviando un messaggio di posta elettronica all’indirizzo&nbsp;&nbsp;<a href="mailto:larigenerasrl@libero.it">larigenerasrl@libero.it</a></p>



<p>Il Titolare non ha individuato la figura del Responsabile della protezione dei dati (RPD o DPO), in quanto non è soggetto all’obbligo di designazione previsto dall’art. 37 del Regolamento.</p>



<p></p>



<h2 class="wp-block-heading">1. FINALITÀ DEL TRATTAMENTO</h2>



<p>I dati personali degli Utenti saranno trattati lecitamente dal Titolare ai sensi dell’art. 6 del Regolamento per le seguenti finalità di trattamento:</p>



<p>a)&nbsp;<strong>Evadere la richiesta dell’Utente</strong>: i dati personali degli Utenti sono raccolti e trattati dal Titolare al solo fine di evadere la richiesta di questi ultimi di ricevere comunicazioni promozionali (ricezione di materiale pubblicitario, vendita diretta, comunicazione commerciale, ricezione di newsletter contenente informazioni in relazione a notizie rilevanti per il settore relativo alle attività del Sito) ovvero di essere contattati dal Titolare tramite posta elettronica per proporre all’Utente l’acquisto di prodotti e/o servizi offerti dallo stesso Titolare e/o da imprese terze, presentare offerte, promozioni ed opportunità commerciali. I dati dell’utente raccolti dal Titolare a tal fine includono: l’indirizzo email. Fermo restando quanto previsto altrove in questa informativa privacy, in nessun caso il Titolare renderà accessibili agli altri Utenti e/o a terzi i dati personali degli Utenti.</p>



<p>b)&nbsp;<strong>finalità amministrativo-contabili</strong>, ovvero per svolgere attività di natura organizzativa, amministrativa, finanziaria e contabile, quali attività organizzative interne ed attività funzionali all’adempimento di obblighi contrattuali e precontrattuali;</p>



<p>c)&nbsp;<strong>obblighi di legge</strong>, ovvero per adempiere ad obblighi previsti dalla legge, da un’autorità, da un regolamento o dalla normativa europea.<br>I dati personali che sono necessari per il perseguimento delle finalità di trattamento descritte al presente paragrafo 1 sono indicati con un asterisco all’interno del modulo presente sul Sito.</p>



<p>Il conferimento dei dati personali per le finalità di trattamento sopra indicate è facoltativo ma necessario, poiché il mancato conferimento degli stessi comporterà l’impossibilità per l’Utente di ricevere comunicazioni promozionali.</p>



<p>In caso di consenso, l’Utente potrà in qualsiasi momento revocare lo stesso, facendone richiesta al Titolare con le modalità indicate al successivo paragrafo 4.</p>



<p>L’Utente potrà inoltre opporsi facilmente ad ulteriori invii di comunicazioni promozionali via email anche cliccando sull’apposito link per la revoca del consenso, che è presente in ciascuna email promozionale.</p>



<p>Il Titolare informa che, a seguito dell’esercizio del diritto di opposizione all’invio di comunicazioni promozionali via email, è possibile che, per ragioni tecniche ed operative (es. formazione delle liste di contatto già completata poco prima della ricezione da parte del Titolare della richiesta di opposizione) l’Utente continui a ricevere alcuni ulteriori messaggi promozionali. Qualora l’Utente dovesse continuare a ricevere messaggi promozionali dopo che siano trascorse 24 ore dall’esercizio del diritto di opposizione, si prega di segnalare il problema al Titolare, utilizzando i contatti indicati al successivo paragrafo 4.</p>



<p></p>



<h2 class="wp-block-heading">2. MODALITÀ DI TRATTAMENTO E TEMPI DI CONSERVAZIONE DEI DATI</h2>



<p>Il Titolare tratterà i dati personali degli Utenti mediante strumenti manuali ed informatici, con logiche strettamente correlate alle finalità stesse e, comunque, in modo da garantire la sicurezza e la riservatezza dei dati stessi.</p>



<p>I dati personali degli Utenti del Sito saranno conservati per i tempi strettamente necessari ad espletare le finalità primarie illustrate al precedente paragrafo 1, e, in ogni caso, fino a quando l’Utente ne richieda la cancellazione.</p>



<p></p>



<h2 class="wp-block-heading">3. AMBITO DI COMUNICAZIONE E DIFFUSIONE DEI DATI</h2>



<p>Potranno venire a conoscenza dei dati personali degli Utenti i dipendenti e/o collaboratori del Titolare incaricati di gestire il Sito. Tali soggetti, che sono stati istruiti in tal senso dal Titolare ai sensi dell’art. 29 del Regolamento, tratteranno i dati dell’Utente esclusivamente per le finalità indicate nella presente informativa e nel rispetto delle previsioni della Normativa Applicabile.</p>



<p>Potranno inoltre venire a conoscenza dei dati personali degli Utenti i soggetti terzi che potranno trattare dati personali per conto del Titolare in qualità di “<strong>Responsabili Esterni del Trattamento</strong>”, quali, a titolo esemplificativo, fornitori di servizi informatici e logistici funzionali all’operatività del Sito, fornitori di servizi in outsourcing o cloud computing, professionisti e consulenti.</p>



<p>Gli Utenti hanno il diritto di ottenere una lista degli eventuali responsabili del trattamento nominati dal Titolare, facendone richiesta al Titolare con le modalità indicate al successivo paragrafo 4.</p>



<p></p>



<h2 class="wp-block-heading">4. DIRITTI DEGLI INTERESSATI</h2>



<p>Gli Utenti potranno esercitare i diritti garantiti loro dalla Normativa Applicabile, contattando il Titolare con le seguenti modalità:<br>– Inviando un messaggio di posta elettronica all’indirizzo&nbsp;&nbsp;<a href="mailto:larigenerasrl@libero.it">larigenerasrl@libero.it</a></p>



<p>Ai sensi della Normativa Applicabile, il Titolare informa che gli Utenti hanno il diritto di ottenere l’indicazione (i) dell’origine dei dati personali; (ii) delle finalità e modalità del trattamento; (iii) della logica applicata in caso di trattamento effettuato con l’ausilio di strumenti elettronici; (iv) degli estremi identificativi del titolare e dei responsabili; (v) dei soggetti o delle categorie di soggetti ai quali i dati personali possono essere comunicati o che possono venirne a conoscenza in qualità di responsabili o incaricati.</p>



<p>Inoltre, gli Utenti hanno il diritto di ottenere:<br>a) l’<strong>accesso</strong>, l’<strong>aggiornamento</strong>, la&nbsp;<strong>rettificazione</strong>&nbsp;ovvero, quando vi hanno interesse, l’<strong>integrazione</strong>&nbsp;dei dati;<br>b) la&nbsp;<strong>cancellazione</strong>, la&nbsp;<strong>trasformazione in forma anonima</strong>&nbsp;o il&nbsp;<strong>blocco</strong>&nbsp;dei dati trattati in violazione di legge, compresi quelli di cui non è necessaria la conservazione in relazione agli scopi per i quali i dati sono stati raccolti o successivamente trattati;<br>c) l’attestazione che le operazioni di cui alle lettere a) e b) sono state portate a conoscenza, anche per quanto riguarda il loro contenuto, di coloro ai quali i dati sono stati comunicati o diffusi, eccettuato il caso in cui tale adempimento si rivela impossibile o comporta un impiego di mezzi manifestamente sproporzionato rispetto al diritto tutelato.</p>



<p>Inoltre, gli Utenti hanno:<br>a) il diritto di&nbsp;<strong>revocare il consenso</strong>&nbsp;in qualsiasi momento, qualora il trattamento si basi sul loro consenso;<br>b) il diritto alla&nbsp;<strong>portabilità dei dati</strong>&nbsp;(diritto di ricevere tutti i dati personali che li riguardano in un formato strutturato, di uso comune e leggibile da dispositivo automatico), il diritto alla&nbsp;<strong>limitazione del trattamento</strong>&nbsp;dei dati personali e il&nbsp;<strong>diritto alla cancellazione</strong>&nbsp;(“diritto all’oblio”);<br>c) il&nbsp;<strong>diritto di opporsi</strong>:<br>i) in tutto o in parte, per motivi legittimi al trattamento dei dati personali che li riguardano, ancorché pertinenti allo scopo della raccolta;<br>ii) in tutto o in parte, al trattamento di dati personali che li riguardano a fini di invio di materiale pubblicitario o di vendita diretta o per il compimento di ricerche di mercato o di comunicazione commerciale;<br>iii) qualora i dati personali siano trattati per finalità di marketing diretto, in qualsiasi momento, al trattamento dei loro dati effettuato per tale finalità, compresa la profilazione nella misura in cui sia connessa a tale marketing diretto.<br>d) qualora ritenessero che il trattamento che li riguarda violi il Regolamento, il diritto di&nbsp;<strong>proporre reclamo a un’Autorità di controllo</strong>&nbsp;(nello Stato membro in cui risiedono abitualmente, in quello in cui lavorano oppure in quello in cui si è verificata la presunta violazione). L’Autorità di controllo italiana è il&nbsp;<strong>Garante per la protezione dei dati personali</strong>, con sede in Piazza di Monte Citorio n. 121, 00186 – Roma (<a href="http://www.garanteprivacy.it/">http://www.garanteprivacy.it/</a>).</p>



<p>Il Titolare non è responsabile per l’aggiornamento di tutti i link visualizzabili nella presente Informativa, pertanto ogni qualvolta un link non sia funzionante e/o aggiornato, gli Utenti riconoscono ed accettano che dovranno sempre far riferimento al documento e/o sezione dei siti internet richiamati da tale link.</p>

<p>La Rigenera S.r.l, con sede in Contrada Santa Maria Poggiarelli, Lotto B12 – 95041&nbsp;Caltagirone P. IVA 03930140870 (di seguito, “Titolare”), proprietario del sito internet&nbsp;&nbsp;https://larigenerasrl.it/&nbsp;&nbsp;(di seguito, il “Sito”), in qualità di&nbsp;titolare del trattamento dei dati personali&nbsp;degli utenti del Sito (di seguito, gli “Utenti”) fornisce qui di&#8230;</p>
